58 and 7264?
454
Calculate the greatest common divisor of 30 and 2049130.
10
What is the highest common divisor of 96 and 27792?
48
What is the greatest common divisor of 7847 and 11977?
413
What is the greatest common factor of 91 and 723268?
91
What is the highest common factor of 829 and 844751?
829
What is the greatest common factor of 170674 and 21?
7
Calculate the highest common factor of 40 and 29780000.
40
What is the greatest common divisor of 2513 and 536346?
359
What is the greatest common factor of 93 and 101?
1
Calculate the greatest common divisor of 22525 and 263092.
901
What is the highest common factor of 2 and 46034?
2
Calculate the highest common divisor of 1079232 and 924.
924
What is the highest common divisor of 11716 and 25856?
404
Calculate the greatest common factor of 3352 and 1904.
8
Calculate the greatest common divisor of 17104896 and 2088.
2088
What is the highest common divisor of 11263 and 1141?
7
What is the greatest common divisor of 745 and 1096193?
149
Calculate the greatest common factor of 239915 and 130.
65
Calculate the greatest common factor of 4494 and 19902.
642
What is the greatest common factor of 7081 and 97?
97
Calculate the highest common factor of 69 and 266547.
69
Calculate the highest common factor of 219890 and 770.
110
Calculate the highest common divisor of 10242 and 2016.
18
Calculate the highest common divisor of 38040 and 3510.
30
What is the highest common divisor of 4810 and 17900?
10
Calculate the greatest common factor of 621 and 36099.
27
What is the greatest common divisor of 136 and 1505146?
34
Calculate the greatest common divisor of 3 and 797988.
3
Calculate the greatest common factor of 480 and 1620.
60
What is the highest common divisor of 865248 and 288?
96
What is the greatest common factor of 1416 and 267096?
24
What is the highest common factor of 593 and 1321797?
593
Calculate the greatest common divisor of 2249790 and 456.
114
Calculate the greatest common divisor of 153600 and 15000.
600
What is the highest common factor of 24 and 3918?
6
Calculate the highest common divisor of 8 and 1442.
2
What is the greatest common factor of 4828 and 355?
71
Calculate the greatest common factor of 1932 and 142324.
644
What is the highest common factor of 3928 and 468414?
982
What is the highest common factor of 561 and 16779?
51
What is the highest common factor of 13622 and 2224?
278
What is the greatest common factor of 2792 and 88?
8
What is the highest common factor of 26000 and 2260?
20
What is the greatest common factor of 10815 and 4725?
105
Calculate the greatest common factor of 16 and 497184.
16
What is the highest common factor of 3295 and 550924?
659
What is the highest common divisor of 3474 and 49986?
18
Calculate the highest common divisor of 36 and 53044.
4
Calculate the highest common divisor of 49337 and 206.
103
Calculate the greatest common factor of 105 and 1139055.
15
Calculate the greatest common divisor of 173484 and 2370.
474
Calculate the greatest common factor of 6745 and 1065.
355
Calculate the greatest common factor of 54 and 2142666.
54
Calculate the highest common factor of 31444 and 2.
2
What is the greatest common divisor of 63 and 124908?
21
What is the highest common divisor of 176 and 27216?
16
Calculate the greatest common divisor of 15851 and 14399.
121
Calculate the highest common factor of 8774 and 129898.
214
What is the highest common factor of 2307939 and 129?
129
Calculate the greatest common divisor of 2387 and 54054.
77
What is the highest common divisor of 2031216 and 528?
528
Calculate the greatest common factor of 27797 and 3773.
77
What is the highest common divisor of 3 and 3372?
3
Calculate the highest common divisor of 1982589 and 294.
147
Calculate the highest common factor of 621 and 7992.
27
What is the greatest common divisor of 1089 and 1305?
9
What is the highest common divisor of 2132 and 178432?
164
What is the highest common divisor of 3225167 and 11?
11
What is the greatest common factor of 224589 and 129?
129
Calculate the highest common factor of 1092 and 2688.
84
What is the highest common divisor of 465520 and 5500?
220
Calculate the greatest common divisor of 565185 and 30.
15
Calculate the greatest common factor of 44127 and 45.
9
What is the greatest common divisor of 562873 and 303?
101
What is the highest common factor of 3223876 and 8?
4
Calculate the greatest common divisor of 1144 and 78832.
104
Calculate the greatest common factor of 2 and 949.
1
Calculate the greatest common divisor of 2438 and 7950.
106
Calculate the greatest common divisor of 695750 and 10.
10
Calculate the greatest common factor of 4704 and 3864.
168
What is the highest common divisor of 350591 and 123?
41
What is the highest common divisor of 1679403 and 33?
33
Calculate the greatest common factor of 410 and 9040705.
205
What is the highest common divisor of 35577 and 4020?
201
What is the highest common factor of 633568 and 13?
13
Calculate the greatest common factor of 51064 and 4419.
491
What is the highest common factor of 1488 and 7632?
48
Calculate the greatest common divisor of 7200 and 6840.
360
What is the highest common factor of 1144 and 8048?
8
What is the highest common divisor of 6692 and 308?
28
What is the highest common divisor of 90848 and 544?
544
Calculate the greatest common factor of 80 and 18130.
10
What is the greatest common divisor of 308 and 32824?
44
Calculate the greatest common factor of 112033 and 23.
23
Calculate the highest common factor of 57759 and 195.
39
What is the highest common divisor of 134054 and 1164?
194
Calculate the greatest common divisor of 378 and 12048.
6
Calculate the highest common divisor of 437463 and 36.
9
Calculate the highest common factor of 8201862 and 18.
18
What is the greatest common divisor of 432 and 12258?
54
What is the greatest common divisor of 28164 and 16?
4
What is the highest common divisor of 820 and 19980?
20
What is the highest common divisor of 3090 and 270?
30
Calculate the highest common factor of 186 and 767994.
186
What is the highest common divisor of 2710 and 1394837?
271
What is the highest common divisor of 98800 and 33250?
950
Calculate the greatest common divisor of 682 and 94.
2
What is the greatest common divisor of 459 and 2720493?
459
Calculate the highest common divisor of 28 and 6208636.
28
What is the greatest common divisor of 198074 and 8342?
194
Calculate the highest common factor of 28594 and 101558.
986
What is the highest common divisor of 1666 and 1256997?
833
What is the highest common factor of 274864 and 82?
82
Calculate the greatest common divisor of 162 and 314847.
81
What is the greatest common factor of 56889 and 81?
27
What is the greatest common factor of 55168 and 256?
128
What is the highest common factor of 2562 and 144438?
42
What is the highest common factor of 314737 and 29?
29
What is the greatest common divisor of 130014 and 10602?
558
Calculate the greatest common divisor of 544 and 809591.
17
Calculate the greatest common divisor of 19 and 7699.
1
What is the greatest common divisor of 198 and 14166?
18
Calculate the highest common factor of 3780664 and 136.
136
What is the highest common divisor of 25392 and 2231?
23
What is the highest common divisor of 2458 and 6915583?
1229
Calculate the highest common factor of 4923 and 819953.
547
What is the greatest common divisor of 141460 and 5?
5
Calculate the greatest common factor of 77978 and 1270.
254
What is the highest common divisor of 2052534 and 198?
66
What is the greatest common factor of 83076 and 24?
12
Calculate the highest common factor of 138385 and 104.
13
Calculate the highest common divisor of 49383 and 236.
59
What is the highest common factor of 437625 and 45000?
1125
What is the greatest common divisor of 19 and 115729?
19
What is the greatest common divisor of 555 and 32301?
111
Calculate the greatest common factor of 143904 and 80.
16
Calculate the highest common divisor of 3473 and 1057.
151
Calculate the greatest common divisor of 852 and 36849.
213
Calculate the greatest common factor of 29 and 14877.
29
Calculate the greatest common divisor of 215 and 4555.
5
Calculate the greatest common factor of 23501 and 213.
71
What is the highest common